se 22*t = 1119 + 443. What is the remainder when t is divided by 26?
19
Let j be (0 + 1/1)*-15. What is the remainder when 0/(-1) + (j - -39) is divided by 14?
10
Let q(x) = x**3 - 20*x**2 - 49*x + 79. Calculate the remainder when q(23) is divided by 15.
14
Suppose -10*d = -2*d - 32. Suppose 96 - 492 = -d*j. Calculate the remainder when j is divided by 34.
31
Suppose 180 = -s + 6*s. What is the remainder when s is divided by (-1608)/(-48) + -11 + (3/2)/(-1)?
15
Let y = 351 - 286. What is the remainder when 199 is divided by y?
4
Suppose 41*k = 13*k + 308. Calculate the remainder when 205 is divided by k.
7
Let c = 841 - 820. What is the remainder when c is divided by 2?
1
Let f = -36 - -116. Suppose -40*r - 62 = -2*i - 35*r, -2*i + 30 = 3*r. Calculate the remainder when f is divided by i.
17
Let n = 6 + 46. Let f(g) = -2*g + 44. Suppose l = 3*l - 30. What is the remainder when n is divided by f(l)?
10
Suppose -x - 16 = -5*x. Suppose -27 = -q + 6*k - 2*k, x*q - 5*k - 53 = 0. Calculate the remainder when 20 is divided by q.
6
Suppose m - 28 = -21. Let l(r) = -r**3 + 8*r**2 - 7*r + 11. What is the remainder when 76 is divided by l(m)?
10
Let t be (-309)/21 + (-2)/7. Suppose -o + 16 = 1. What is the remainder when o is divided by 6/(-1)*t/10?
6
Let o(l) be the second derivative of -l**4/12 + 5*l**3/3 - 7*l**2/2 - 2*l. What is the remainder when (3 - 5)/(4/(-70)) is divided by o(8)?
8
Suppose -2*u = -5*d + 120, 3*d - 83 = 3*u - 2. Calculate the remainder when d is divided by 6.
4
Let y(m) = -m**2 - 11*m + 5. Let g be y(-11). Suppose 5*r = -l + 50, -3*l + g*l - 30 = 4*r. Let b = -106 + 115. What is the remainder when l is divided by b?
7
Suppose -114*i + 196 = -107*i. Calculate the remainder when 139 is divided by i.
27
What is the remainder when (-2876)/(-24) + 1 - (-12)/72 is divided by 21?
16
Suppose 3*k = -2*n + 11, 20*n - 25*n - 5*k + 30 = 0. What is the remainder when 31 - (4/6)/(6/(-9)) is divided by n?
4
Let l = 11 + -10. Let k be 1 - (-123 - l) - 0. Suppose t + 2*m + m - 34 = 0, m = -4*t + k. What is the remainder when t is divided by 17?
14
Suppose -28 = -2*i + 5*l, -2*i + l = -l - 16. Let c = i + 5. What is the remainder when 35 is divided by c?
8
Calculate the remainder when 801 is divided by 60/330 - (-192)/33.
3
Suppose 3564 = 237*q - 228*q. Calculate the remainder when q is divided by 40.
36
Let f be (-1)/(-3) - (-132)/36. Suppose 0 = f*q - 424 - 200. Suppose -x - 50 = -p, 2*p - 5*p + 5*x = -q. What is the remainder when p is divided by 12?
11
Let z be (-12)/36*(-414)/1. Let q = -115 + z. Calculate the remainder when q is divided by 14.
9
Let b = 2 + 39. Suppose -29 = -3*x - 4*c, 5*x - 17 = 3*c + 12. What is the remainder when b is divided by x?
6
Let v(d) = d**3 - 9*d**2 + 2*d - 13. Let r(t) = 3*t**2 + 52*t + 192. Calculate the remainder when r(-5) is divided by v(9).
2
Suppose -432 = -17*j + 13*j. Calculate the remainder when j is divided by 56.
52
Suppose 0 = 4*c - 3*q + 371, 5*q - 7*q + 469 = -5*c. Let g = 166 + c. Calculate the remainder when g is divided by 18.
17
Suppose 7*i + 130 = 151. Let q(m) = m**2 + m + 2. Let d be q(-2). Suppose d*y - 34 = i*y. Calculate the remainder when y is divided by 14.
6
Let c = 81 - 35. Suppose -3*i + 3*p = -72, -13*i = -8*i + 10*p. Calculate the remainder when c is divided by i.
14
Suppose 7*r - 14 - 14 = 0. Suppose r*n - 1 = -5*w + 264, -15 = -3*w. Suppose 6*d - n = -0*d. Calculate the remainder when 39 is divided by d.
9
Suppose -4 = 4*c - 2*c. Let f(t) = t**2 - 2. Calculate the remainder when (-4 + 3 - -7) + -1 is divided by f(c).
1
Let y = 547 - 516. What is the remainder when 184 is divided by y?
29
Suppose -2*c + g - 7 = -18, -2*g + 27 = 3*c. Suppose 0 = -3*l + c*l - 68. Let k = l + -16. What is the remainder when 2 is divided by k?
0
Let q = -1 - -1. Suppose 5*z - 5*l - 45 = q, 6*z + 3*l - 1 = 2*z. Suppose u = -z*g + 2*g + 74, 4*u + 19 = g. Calculate the remainder when g is divided by 9.
8
Let q(n) = 4*n + 15. Let d be q(9). Suppose d = 3*v + 36. What is the remainder when 6 is divided by v?
1
Calculate the remainder when 293 is divided by 68/16*(12 + (-8 - -4)).
21
What is the remainder when (177/(-6))/((-3)/6) is divided by -21*(-3)/(-6)*-2?
17
Let z(c) = c + 3. Let r be z(6). Suppose 0 = 2*b - 5*l - 44, -r = -3*l + 3. Calculate the remainder when b is divided by ((-8)/12)/(2/(-54)).
14
Let g = -3 - -11. Let y = g - 4. Calculate the remainder when (-1 - 27/y)*-4 is divided by 8.
7
Let o(p) = p**3 - 32*p**2 - 28*p - 114. Calculate the remainder when o(33) is divided by 7.
2
Let x(s) = -6*s + 106. Calculate the remainder when 275 is divided by x(17).
3
Suppose 0 = o + k - 27, 3*o + 0*o - 71 = 2*k. Let g = 2 - 10. Let r = 63 - g. Calculate the remainder when r is divided by o.
21
Suppose 15*n - 10*n = 25. Let t = 18 + -6. Suppose -2*q = n*g - 48 - 68, 0 = -4*q + t. What is the remainder when g is divided by 12?
10
Suppose -118*t + 119*t - 129 = 0. Suppose -12 = -y + 1. What is the remainder when t is divided by y?
12
Let s(j) = j**3 - 2*j - 3. Let x be s(-3). Let k be (x/5)/(4/(-90)). Suppose 3*c - k = 3. What is the remainder when c is divided by 10?
7
Let y(j) = j**3 - 5*j**2 + j + 1. Let r = -89 + 42. Let d = -20 - r. What is the remainder when d is divided by y(5)?
3
Let k(n) = -n**3 - 8*n**2 - 11*n + 11. Let c(o) = -o**2 - 7*o + 12. Let v be c(-9). Calculate the remainder when (-2)/v + (-35)/(-3) is divided by k(-6).
2
Let n be ((-4)/(-2) - 6) + 4. Suppose n = 5*m - 6*m + 36. Suppose 0 = 3*q + q - m. Calculate the remainder when q is divided by 3.
0
What is the remainder when (1/2)/(((-17)/(-110))/17) is divided by 14?
13
Suppose f - 2*o + 3*o - 78 = 0, 2*o = -10. Calculate the remainder when f is divided by 148/6 - 110/(-33).
27
Let v = -1 - -19. Let g = v - -7. Calculate the remainder when g is divided by 15.
10
Let o(c) = 2*c**2 + c + 1. Suppose 0 = -2*t + 4*m + 38, -792*m + 787*m = -3*t + 52. What is the remainder when o(-3) is divided by t?
7
Suppose -j - 377 = -5*n, j = -2 + 5. What is the remainder when 453 is divided by n?
73
Suppose -2*v - 3*v + 15 = 0. Suppose 3*b = -b - 2*g + 134, -v*g = -3*b + 105. Calculate the remainder when b is divided by 9.
7
Suppose -5*c + 118*j = 122*j - 447, 2*c + 3*j = 183. Calculate the remainder when c is divided by 9.
6
Let d(v) = 89*v**2 - 8*v + 7. Calculate the remainder when d(1) is divided by (-65)/(-7) - (-2)/(-7).
7
Let y(p) be the first derivative of -p**4/4 + 19*p**3/3 + 12*p**2 - 41*p - 18. Calculate the remainder when 77 is divided by y(20).
38
Let i(o) = -o + 4*o + 1 + 1 + 7*o**2. Let f be 2/1 - 20/15*3. Calculate the remainder when i(f) is divided by 9.
6
Let h = 548 - 523. What is the remainder when h is divided by 19?
6
Let x = -16 + 69. Suppose 0 = -2*u - u + 42. Calculate the remainder when x is divided by u.
11
Let j(p) = p**2 - 7*p + 49. Calculate the remainder when 86 is divided by j(0).
37
Let m(i) = -12*i - 209. Calculate the remainder when m(-37) is divided by 20.
15
Let c = -31 + 26. Let n(w) = -13*w + 5. What is the remainder when n(c) is divided by 18?
16
Suppose -j + 3*r + 10 = -r, 4*j - 2*r - 40 = 0. Suppose -3*w = 15, 0 = -0*g + g - 2*w - 110. Let v = g + -71. What is the remainder when v is divided by j?
9
Let k = 10 + 5. Suppose 2*v - 31 = k. What is the remainder when v is divided by 6?
5
Let m(f) = f**3 + 6*f**2 - f + 5. Let s be m(-5). Suppose 5*t = -0 + s. Let n(a) = -3*a. What is the remainder when n(-6) is divided by t?
4
Let n(y) = -y**3 - 4*y**2 - 4*y - 2. Let q(o) = -52*o + 29*o + 20*o + 8*o**2 + o**3. What is the remainder when q(-8) is divided by n(-4)?
10
Calculate the remainder when 57 is divided by -1 + 7 - (22 - 26).
7
Let c(y) = -y**3 + y**2 - y - 2. Let m be c(0). What is the remainder when 18 is divided by 141/27 - m/(-9)?
3
Suppose d + 13 = 2*l + 2, 5*l + 3*d = 0. Suppose -2*t + 100 = 4*g, l*t + g - 138 = -3. What is the remainder when t is divided by 16?
12
Let i be 60/(-32) + 2 - 94/(-16). Suppose -3*g + 90 - 24 = 0. Calculate the remainder when i/(-4) - (-429)/g is divided by 5.
3
Let q be (4/(-12))/(2/(-372)). Suppose -2*h + 79 = -5*p, 150 = 4*h + 4*p - 6*p. Let c = q - h. Calculate the remainder when 48 is divided by c.
23
What is the remainder when (-66)/(1 + (-21)/18) is divided by 16